{"id":94,"date":"2023-11-26T15:21:27","date_gmt":"2023-11-26T15:21:27","guid":{"rendered":"https:\/\/monkeydays.colegiulcatolicbacau.ro\/?page_id=94"},"modified":"2023-11-27T10:14:18","modified_gmt":"2023-11-27T10:14:18","slug":"clubul-holtis-hope","status":"publish","type":"page","link":"https:\/\/monkeydays.colegiulcatolicbacau.ro\/index.php\/clubul-holtis-hope\/","title":{"rendered":"Clubul Holtis Hope"},"content":{"rendered":"\n<p>Asocia\u021bia HoltIS este unul dintre principalii furnizori de Educa\u021bie Parental\u0103 din Rom\u00e2nia, fiind \u00eenfiin\u0163at\u0103 \u00een anul 2014, Asocia\u021bia HoltIS a furnizat servicii de educa\u0163ie parental\u0103 \u00een peste 480 de comunit\u0103\u0163i, av\u00e2nd o re\u021bea de peste 900 de educatori parentali, 20.307 p\u0103rin\u0163i participan\u021bi la cursuri, impact\u00e2nd peste 33.759 de copii de pe \u00eentreg teritoriul Rom\u00e2niei.<\/p>\n\n\n\n<p>Liceul nostru este foarte mandru de elevii Clubului Holtis Hope ce au reusit sa creeze un prestigiu acestui cadru de invatamant reusind sa creeze nenumarte proiecte cu scopul de a ajuta societatea, printre care si proiectul &#8220;Fericire La Pachet&#8221; prin care au atras atentia Parlamentului European ajungand in punctul in care mebrii clubului au primit o invitatie in cadrul intalnirii &#8220;EYE23&#8221; initiat de Uniunea Europeana unde au fost discutate problemele tinerilor impreuna cu parlamentarii. <\/p>\n\n\n\n<p>Acest club este coordonat de doamna Stefura Irina si de  presedintele Toma Vlad.<\/p>\n\n\n\n<figure class=\"wp-block-image size-large is-resized\"><img decoding=\"async\" loading=\"lazy\" width=\"1024\" height=\"1024\" src=\"https:\/\/monkeydays.colegiulcatolicbacau.ro\/wp-content\/uploads\/2023\/11\/image-11-1024x1024.png\" alt=\"\" class=\"wp-image-95\" style=\"aspect-ratio:1;width:839px;height:auto\" srcset=\"https:\/\/monkeydays.colegiulcatolicbacau.ro\/wp-content\/uploads\/2023\/11\/image-11-1024x1024.png 1024w, https:\/\/monkeydays.colegiulcatolicbacau.ro\/wp-content\/uploads\/2023\/11\/image-11-300x300.png 300w, https:\/\/monkeydays.colegiulcatolicbacau.ro\/wp-content\/uploads\/2023\/11\/image-11-150x150.png 150w, https:\/\/monkeydays.colegiulcatolicbacau.ro\/wp-content\/uploads\/2023\/11\/image-11-768x768.png 768w, https:\/\/monkeydays.colegiulcatolicbacau.ro\/wp-content\/uploads\/2023\/11\/image-11-1536x1536.png 1536w, https:\/\/monkeydays.colegiulcatolicbacau.ro\/wp-content\/uploads\/2023\/11\/image-11.png 2000w\" sizes=\"(max-width: 1024px) 100vw, 1024px\" \/><\/figure>\n","protected":false},"excerpt":{"rendered":"<p>Asocia\u021bia HoltIS este unul dintre principalii furnizori de Educa\u021bie Parental\u0103 din Rom\u00e2nia, fiind \u00eenfiin\u0163at\u0103 \u00een&#8230;<\/p>\n","protected":false},"author":2,"featured_media":0,"parent":0,"menu_order":0,"comment_status":"closed","ping_status":"closed","template":"","meta":{"footnotes":""},"_links":{"self":[{"href":"https:\/\/monkeydays.colegiulcatolicbacau.ro\/index.php\/wp-json\/wp\/v2\/pages\/94"}],"collection":[{"href":"https:\/\/monkeydays.colegiulcatolicbacau.ro\/index.php\/wp-json\/wp\/v2\/pages"}],"about":[{"href":"https:\/\/monkeydays.colegiulcatolicbacau.ro\/index.php\/wp-json\/wp\/v2\/types\/page"}],"author":[{"embeddable":true,"href":"https:\/\/monkeydays.colegiulcatolicbacau.ro\/index.php\/wp-json\/wp\/v2\/users\/2"}],"replies":[{"embeddable":true,"href":"https:\/\/monkeydays.colegiulcatolicbacau.ro\/index.php\/wp-json\/wp\/v2\/comments?post=94"}],"version-history":[{"count":2,"href":"https:\/\/monkeydays.colegiulcatolicbacau.ro\/index.php\/wp-json\/wp\/v2\/pages\/94\/revisions"}],"predecessor-version":[{"id":98,"href":"https:\/\/monkeydays.colegiulcatolicbacau.ro\/index.php\/wp-json\/wp\/v2\/pages\/94\/revisions\/98"}],"wp:attachment":[{"href":"https:\/\/monkeydays.colegiulcatolicbacau.ro\/index.php\/wp-json\/wp\/v2\/media?parent=94"}],"curies":[{"name":"wp","href":"https:\/\/api.w.org\/{rel}","templated":true}]}}